{"id":59,"date":"2018-07-04T23:41:49","date_gmt":"2018-07-04T21:41:49","guid":{"rendered":"http:\/\/ojer.pl\/?page_id=59"},"modified":"2019-01-21T00:39:17","modified_gmt":"2019-01-20T23:39:17","slug":"sos-mieszkancy-wawra","status":"publish","type":"page","link":"https:\/\/ojer.pl\/?page_id=59","title":{"rendered":"SOS Mieszka\u0144cy Wawra"},"content":{"rendered":"<p>Akcja pomocy rodzicom przebywaj\u0105cym w szpitalu z chorym dzieckiem trwa bez przerwy od ponad dw\u00f3ch lat.<\/p>\n<p>Dlaczego pomoc rodzicom? Dlaczego w szpitalu Centrum Zdrowia Dziecka?<\/p>\n<p>Centrum Zdrowia Dziecka to specyficzny szpital tutaj dzieci le\u017c\u0105 z bardzo powa\u017cnymi chorobami cz\u0119sto bez mo\u017cliwo\u015bci ca\u0142kowitego wyleczenia. Obok chorych dzieci jest zawsze rodzic, kt\u00f3ry nieraz nie ma \u015brodk\u00f3w aby wypo\u017cyczy\u0107 \u0142\u00f3\u017cko do spania, kt\u00f3ry ma problem z kupieniem sobie posi\u0142ku. Zdarza si\u0119 te\u017c, \u017ce rodzic z dzieckiem przybywa do szpitala nagle, karetk\u0105, helikopterem z innego ko\u0144ca Polski i nie ma ubrania na zmian\u0119, \u015brodk\u00f3w czysto\u015b\u0107, \u0142\u00f3\u017cka, koca\u2026takich zwyk\u0142ych rzeczy ale bez kt\u00f3rych ci\u0119\u017cko przetrwa\u0107 d\u0142u\u017cej. Do Akcji do\u0142\u0105czy\u0142a ca\u0142a Polska. Pomagamy ju\u017c nie tylko rodzicom ale i dzieciom. Uzupe\u0142niamy k\u0105ciki zabaw dla dzieci, przynosimy zabawki, przekazujemy baterie, organizujemy akcje rozdawania prezent\u00f3w, balon\u00f3w, zabawek. Wszystko po to aby dzieci chocia\u017c przez chwil\u0119 nie my\u015bla\u0142y o swojej chorobie.<\/p>\n<p>Ale podstawowym zadaniem grupy i jej przes\u0142aniem jest pomoc potrzebuj\u0105cemu rodzicowi.<\/p>\n<p><iframe loading=\"lazy\" title=\"SOS Mieszka\u0144cy Wawra Rodzicom z CZD - Nasze dzia\u0142ania- [ANNA OJER]\" width=\"1170\" height=\"658\" src=\"https:\/\/www.youtube.com\/embed\/w5H50zqJYEM?feature=oembed\" frameborder=\"0\" allow=\"accelerometer; autoplay; clipboard-write; encrypted-media; gyroscope; picture-in-picture\" allowfullscreen><\/iframe><\/p>\n","protected":false},"excerpt":{"rendered":"<p>Akcja pomocy rodzicom przebywaj\u0105cym w szpitalu z chorym dzieckiem trwa bez przerwy od ponad dw\u00f3ch lat. Dlaczego pomoc rodzicom? Dlaczego w szpitalu Centrum Zdrowia Dziecka? Centrum Zdrowia Dziecka to specyficzny szpital tutaj dzieci le\u017c\u0105 z bardzo powa\u017cnymi chorobami cz\u0119sto bez mo\u017cliwo\u015bci ca\u0142kowitego wyleczenia. Obok chorych dzieci jest zawsze rodzic, kt\u00f3ry nieraz nie ma \u015brodk\u00f3w aby<\/p>\n<p class=\"more-link\"><a href=\"https:\/\/ojer.pl\/?page_id=59\" class=\"themebutton\">Read More<\/a><\/p>\n","protected":false},"author":1,"featured_media":0,"parent":0,"menu_order":0,"comment_status":"closed","ping_status":"closed","template":"","meta":{"footnotes":""},"class_list":["post-59","page","type-page","status-publish","hentry"],"_links":{"self":[{"href":"https:\/\/ojer.pl\/index.php?rest_route=\/wp\/v2\/pages\/59","targetHints":{"allow":["GET"]}}],"collection":[{"href":"https:\/\/ojer.pl\/index.php?rest_route=\/wp\/v2\/pages"}],"about":[{"href":"https:\/\/ojer.pl\/index.php?rest_route=\/wp\/v2\/types\/page"}],"author":[{"embeddable":true,"href":"https:\/\/ojer.pl\/index.php?rest_route=\/wp\/v2\/users\/1"}],"replies":[{"embeddable":true,"href":"https:\/\/ojer.pl\/index.php?rest_route=%2Fwp%2Fv2%2Fcomments&post=59"}],"version-history":[{"count":6,"href":"https:\/\/ojer.pl\/index.php?rest_route=\/wp\/v2\/pages\/59\/revisions"}],"predecessor-version":[{"id":528,"href":"https:\/\/ojer.pl\/index.php?rest_route=\/wp\/v2\/pages\/59\/revisions\/528"}],"wp:attachment":[{"href":"https:\/\/ojer.pl\/index.php?rest_route=%2Fwp%2Fv2%2Fmedia&parent=59"}],"curies":[{"name":"wp","href":"https:\/\/api.w.org\/{rel}","templated":true}]}}