{"id":537,"date":"2018-07-24T13:28:19","date_gmt":"2018-07-24T11:28:19","guid":{"rendered":"http:\/\/ojer.pl\/?page_id=537"},"modified":"2021-12-13T23:14:18","modified_gmt":"2021-12-13T22:14:18","slug":"pomoc-dla-rodzicow-i-dzieci-ze-szpitala-przy-nieklanskiej","status":"publish","type":"page","link":"https:\/\/ojer.pl\/?page_id=537","title":{"rendered":"Pomoc dla szpitali w ca\u0142ej Polsce"},"content":{"rendered":"\n<div class=\"wp-block-media-text alignwide is-stacked-on-mobile\"><figure class=\"wp-block-media-text__media\"><img loading=\"lazy\" decoding=\"async\" width=\"768\" height=\"1024\" src=\"https:\/\/ojer.pl\/wp-content\/uploads\/2021\/12\/FB_IMG_1639432096643-768x1024.jpg\" alt=\"\" class=\"wp-image-1143 size-full\" srcset=\"https:\/\/ojer.pl\/wp-content\/uploads\/2021\/12\/FB_IMG_1639432096643-768x1024.jpg 768w, https:\/\/ojer.pl\/wp-content\/uploads\/2021\/12\/FB_IMG_1639432096643-225x300.jpg 225w, https:\/\/ojer.pl\/wp-content\/uploads\/2021\/12\/FB_IMG_1639432096643.jpg 1080w\" sizes=\"auto, (max-width: 768px) 100vw, 768px\" \/><\/figure><div class=\"wp-block-media-text__content\">\n<p>10\/12\/2021<\/p>\n\n\n\n<p>Choinki zbierane w ramach akcji og\u00f3lnopolskiej trafi\u0105 do kilku szpitali.<\/p>\n<\/div><\/div>\n\n\n\n<div class=\"wp-block-media-text alignwide is-stacked-on-mobile\"><figure class=\"wp-block-media-text__media\"><img loading=\"lazy\" decoding=\"async\" width=\"960\" height=\"720\" src=\"https:\/\/ojer.pl\/wp-content\/uploads\/2021\/12\/FB_IMG_1639432222745.jpg\" alt=\"\" class=\"wp-image-1142 size-full\" srcset=\"https:\/\/ojer.pl\/wp-content\/uploads\/2021\/12\/FB_IMG_1639432222745.jpg 960w, https:\/\/ojer.pl\/wp-content\/uploads\/2021\/12\/FB_IMG_1639432222745-300x225.jpg 300w, https:\/\/ojer.pl\/wp-content\/uploads\/2021\/12\/FB_IMG_1639432222745-768x576.jpg 768w, https:\/\/ojer.pl\/wp-content\/uploads\/2021\/12\/FB_IMG_1639432222745-380x285.jpg 380w, https:\/\/ojer.pl\/wp-content\/uploads\/2021\/12\/FB_IMG_1639432222745-285x214.jpg 285w\" sizes=\"auto, (max-width: 960px) 100vw, 960px\" \/><\/figure><div class=\"wp-block-media-text__content\">\n<p>13\/12\/2021<\/p>\n\n\n\n<p class=\"has-large-font-size\">Akcja \u015bwi\u0105teczna dla dzieci szpitali w ca\u0142ej Polsce.  Odwiedzili\u015bmy kilkana\u015bcie szpitali.<\/p>\n<\/div><\/div>\n\n\n\n<p>Akcja \u015bwi\u0105teczna dla dzieci szpitali w ca\u0142ej Polsce.<\/p>\n\n\n\n<div class=\"wp-block-media-text alignwide is-stacked-on-mobile\"><figure class=\"wp-block-media-text__media\"><img loading=\"lazy\" decoding=\"async\" width=\"960\" height=\"720\" src=\"https:\/\/ojer.pl\/wp-content\/uploads\/2021\/12\/FB_IMG_1639432020413.jpg\" alt=\"\" class=\"wp-image-1139 size-full\" srcset=\"https:\/\/ojer.pl\/wp-content\/uploads\/2021\/12\/FB_IMG_1639432020413.jpg 960w, https:\/\/ojer.pl\/wp-content\/uploads\/2021\/12\/FB_IMG_1639432020413-300x225.jpg 300w, https:\/\/ojer.pl\/wp-content\/uploads\/2021\/12\/FB_IMG_1639432020413-768x576.jpg 768w, https:\/\/ojer.pl\/wp-content\/uploads\/2021\/12\/FB_IMG_1639432020413-380x285.jpg 380w, https:\/\/ojer.pl\/wp-content\/uploads\/2021\/12\/FB_IMG_1639432020413-285x214.jpg 285w\" sizes=\"auto, (max-width: 960px) 100vw, 960px\" \/><\/figure><div class=\"wp-block-media-text__content\">\n<p class=\"has-large-font-size\">Akcja \u015bwi\u0105teczna dla dzieci szpitali w ca\u0142ej Polsce.  <\/p>\n<\/div><\/div>\n\n\n\n<div class=\"wp-block-media-text alignwide is-stacked-on-mobile\"><figure class=\"wp-block-media-text__media\"><img loading=\"lazy\" decoding=\"async\" width=\"570\" height=\"1024\" src=\"https:\/\/ojer.pl\/wp-content\/uploads\/2021\/12\/FB_IMG_1638979808384-1-570x1024.jpg\" alt=\"\" class=\"wp-image-1099 size-full\" srcset=\"https:\/\/ojer.pl\/wp-content\/uploads\/2021\/12\/FB_IMG_1638979808384-1-570x1024.jpg 570w, https:\/\/ojer.pl\/wp-content\/uploads\/2021\/12\/FB_IMG_1638979808384-1-167x300.jpg 167w, https:\/\/ojer.pl\/wp-content\/uploads\/2021\/12\/FB_IMG_1638979808384-1-768x1379.jpg 768w, https:\/\/ojer.pl\/wp-content\/uploads\/2021\/12\/FB_IMG_1638979808384-1-856x1536.jpg 856w, https:\/\/ojer.pl\/wp-content\/uploads\/2021\/12\/FB_IMG_1638979808384-1.jpg 1080w\" sizes=\"auto, (max-width: 570px) 100vw, 570px\" \/><\/figure><div class=\"wp-block-media-text__content\">\n<p class=\"has-large-font-size\">2019\/2020 dostarczali\u015bmy wod\u0119 do kilku szpitali Covidowych w Warszawie. Do akcji w\u0142\u0105czy\u0142y si\u0119 osoby prywatne oraz pracownicy du\u017cych i ma\u0142ych firm.<\/p>\n<\/div><\/div>\n\n\n\n<div class=\"wp-block-media-text alignwide is-stacked-on-mobile\"><figure class=\"wp-block-media-text__media\"><img loading=\"lazy\" decoding=\"async\" width=\"480\" height=\"640\" src=\"https:\/\/ojer.pl\/wp-content\/uploads\/2021\/12\/FB_IMG_1638979760186-2.jpg\" alt=\"\" class=\"wp-image-1100 size-full\" srcset=\"https:\/\/ojer.pl\/wp-content\/uploads\/2021\/12\/FB_IMG_1638979760186-2.jpg 480w, https:\/\/ojer.pl\/wp-content\/uploads\/2021\/12\/FB_IMG_1638979760186-2-225x300.jpg 225w\" sizes=\"auto, (max-width: 480px) 100vw, 480px\" \/><\/figure><div class=\"wp-block-media-text__content\">\n<p class=\"has-large-font-size\">W 2021 w kilku szpitalach w Warszawie utworzyli\u015bmy k\u0105ciki kuchenne dla pacjent\u00f3w szpitali. <\/p>\n\n\n\n<p>K\u0105ciki kuchenne to lod\u00f3wki, mikrofal\u00f3wki, woda z automat\u00f3w, czajniki. Wszystko po to aby u\u0142atwi\u0107 \u017cycie pacjent\u00f3w.<\/p>\n<\/div><\/div>\n\n\n<p><\/p>\n<p>01\/08\/2018<\/p>\n<p>Kolejny raz spotkali\u015bmy si\u0119 aby zebrane zabawki dla dzieci ze szpitala przy Niek\u0142a\u0144skiej zawie\u017a\u0107 na r\u0119ce Kapelana ks. Adama. Mieszka\u0144cy z kilku dzielnic Warszawy i okolic spotkali si\u0119 dzisiaj aby wsp\u00f3lnie wszystko zapakowa\u0107 i dostarczy\u0107. Dzi\u0119kuj\u0119 wszystkim za przekazane zabawki, kt\u00f3re umil\u0105 dzieciom pobyt w szpitalu i mo\u017ce chocia\u017c na chwil\u0119 dzi\u0119ki nim zapomn\u0105 o chorobie.<\/p>\n<p><a href=\"https:\/\/ojer.pl\/wp-content\/uploads\/2018\/08\/38071860_1057695934408854_6129582676933345280_n.png\"><img loading=\"lazy\" decoding=\"async\" class=\"alignnone size-medium wp-image-758\" src=\"https:\/\/ojer.pl\/wp-content\/uploads\/2018\/08\/38071860_1057695934408854_6129582676933345280_n-300x169.png\" alt=\"\" width=\"300\" height=\"169\" srcset=\"https:\/\/ojer.pl\/wp-content\/uploads\/2018\/08\/38071860_1057695934408854_6129582676933345280_n-300x169.png 300w, https:\/\/ojer.pl\/wp-content\/uploads\/2018\/08\/38071860_1057695934408854_6129582676933345280_n.png 576w\" sizes=\"auto, (max-width: 300px) 100vw, 300px\" \/><\/a><a href=\"https:\/\/ojer.pl\/wp-content\/uploads\/2018\/08\/38118446_1057681457743635_2068648037223235584_n.png\"><img loading=\"lazy\" decoding=\"async\" class=\"alignnone size-medium wp-image-759\" src=\"https:\/\/ojer.pl\/wp-content\/uploads\/2018\/08\/38118446_1057681457743635_2068648037223235584_n-300x169.png\" alt=\"\" width=\"300\" height=\"169\" srcset=\"https:\/\/ojer.pl\/wp-content\/uploads\/2018\/08\/38118446_1057681457743635_2068648037223235584_n-300x169.png 300w, https:\/\/ojer.pl\/wp-content\/uploads\/2018\/08\/38118446_1057681457743635_2068648037223235584_n.png 576w\" sizes=\"auto, (max-width: 300px) 100vw, 300px\" \/><\/a><a href=\"https:\/\/ojer.pl\/wp-content\/uploads\/2018\/08\/38118456_478723762618212_1715023335131185152_n.png\"><img loading=\"lazy\" decoding=\"async\" class=\"alignnone size-medium wp-image-760\" src=\"https:\/\/ojer.pl\/wp-content\/uploads\/2018\/08\/38118456_478723762618212_1715023335131185152_n-300x225.png\" alt=\"\" width=\"300\" height=\"225\" srcset=\"https:\/\/ojer.pl\/wp-content\/uploads\/2018\/08\/38118456_478723762618212_1715023335131185152_n-300x225.png 300w, https:\/\/ojer.pl\/wp-content\/uploads\/2018\/08\/38118456_478723762618212_1715023335131185152_n-380x285.png 380w, https:\/\/ojer.pl\/wp-content\/uploads\/2018\/08\/38118456_478723762618212_1715023335131185152_n-285x214.png 285w, https:\/\/ojer.pl\/wp-content\/uploads\/2018\/08\/38118456_478723762618212_1715023335131185152_n.png 576w\" sizes=\"auto, (max-width: 300px) 100vw, 300px\" \/><\/a><a href=\"https:\/\/ojer.pl\/wp-content\/uploads\/2018\/08\/38136127_1057677927743988_6543759404217401344_n.png\"><img loading=\"lazy\" decoding=\"async\" class=\"alignnone size-medium wp-image-761\" src=\"https:\/\/ojer.pl\/wp-content\/uploads\/2018\/08\/38136127_1057677927743988_6543759404217401344_n-300x169.png\" alt=\"\" width=\"300\" height=\"169\" srcset=\"https:\/\/ojer.pl\/wp-content\/uploads\/2018\/08\/38136127_1057677927743988_6543759404217401344_n-300x169.png 300w, https:\/\/ojer.pl\/wp-content\/uploads\/2018\/08\/38136127_1057677927743988_6543759404217401344_n.png 576w\" sizes=\"auto, (max-width: 300px) 100vw, 300px\" \/><\/a><a href=\"https:\/\/ojer.pl\/wp-content\/uploads\/2018\/08\/38137259_1057681167743664_5560344328749973504_n.png\"><img loading=\"lazy\" decoding=\"async\" class=\"alignnone size-medium wp-image-762\" src=\"https:\/\/ojer.pl\/wp-content\/uploads\/2018\/08\/38137259_1057681167743664_5560344328749973504_n-300x169.png\" alt=\"\" width=\"300\" height=\"169\" srcset=\"https:\/\/ojer.pl\/wp-content\/uploads\/2018\/08\/38137259_1057681167743664_5560344328749973504_n-300x169.png 300w, https:\/\/ojer.pl\/wp-content\/uploads\/2018\/08\/38137259_1057681167743664_5560344328749973504_n.png 576w\" sizes=\"auto, (max-width: 300px) 100vw, 300px\" \/><\/a><a href=\"https:\/\/ojer.pl\/wp-content\/uploads\/2018\/08\/38183367_1057678257743955_2239479781601050624_n.png\"><img loading=\"lazy\" decoding=\"async\" class=\"alignnone size-medium wp-image-763\" src=\"https:\/\/ojer.pl\/wp-content\/uploads\/2018\/08\/38183367_1057678257743955_2239479781601050624_n-167x300.png\" alt=\"\" width=\"167\" height=\"300\" srcset=\"https:\/\/ojer.pl\/wp-content\/uploads\/2018\/08\/38183367_1057678257743955_2239479781601050624_n-167x300.png 167w, https:\/\/ojer.pl\/wp-content\/uploads\/2018\/08\/38183367_1057678257743955_2239479781601050624_n.png 321w\" sizes=\"auto, (max-width: 167px) 100vw, 167px\" \/><\/a><\/p>\n<p>23\/07\/2018<\/p>\n<p>Na r\u0119ce kapelana ks. Adama ze szpitala przy ulicy Niek\u0142a\u0144skiej przekazali\u015bmy g\u00f3r\u0119 zabawek, gier, puzzli, zabawek graj\u0105cych, uk\u0142adanek, pieluch. Dary przekazali nam wspaniali ludzie z ca\u0142ej Polski.<\/p>\n<p>W dzisiejszej akcji bra\u0142o udzia\u0142 6 os\u00f3b. Samochody mieli\u015bmy wype\u0142nione po dachy.<\/p>\n<p>Pierwszy raz dla dzieci w szpitalu przy Niek\u0142a\u0144skiej ale nie ostatni.<\/p>\n<p><a href=\"http:\/\/ojer.pl\/wp-content\/uploads\/2018\/07\/37650637_1047789052066209_2281895860709097472_n.png\"><img loading=\"lazy\" decoding=\"async\" class=\"alignnone size-medium wp-image-538\" src=\"http:\/\/ojer.pl\/wp-content\/uploads\/2018\/07\/37650637_1047789052066209_2281895860709097472_n-224x300.png\" alt=\"\" width=\"224\" height=\"300\" srcset=\"https:\/\/ojer.pl\/wp-content\/uploads\/2018\/07\/37650637_1047789052066209_2281895860709097472_n-224x300.png 224w, https:\/\/ojer.pl\/wp-content\/uploads\/2018\/07\/37650637_1047789052066209_2281895860709097472_n.png 358w\" sizes=\"auto, (max-width: 224px) 100vw, 224px\" \/><\/a><a href=\"http:\/\/ojer.pl\/wp-content\/uploads\/2018\/07\/37730642_1047788205399627_7874966182397214720_n.png\"><img loading=\"lazy\" decoding=\"async\" class=\"alignnone size-medium wp-image-539\" src=\"http:\/\/ojer.pl\/wp-content\/uploads\/2018\/07\/37730642_1047788205399627_7874966182397214720_n-300x224.png\" alt=\"\" width=\"300\" height=\"224\" srcset=\"https:\/\/ojer.pl\/wp-content\/uploads\/2018\/07\/37730642_1047788205399627_7874966182397214720_n-300x224.png 300w, https:\/\/ojer.pl\/wp-content\/uploads\/2018\/07\/37730642_1047788205399627_7874966182397214720_n-380x285.png 380w, https:\/\/ojer.pl\/wp-content\/uploads\/2018\/07\/37730642_1047788205399627_7874966182397214720_n-285x214.png 285w, https:\/\/ojer.pl\/wp-content\/uploads\/2018\/07\/37730642_1047788205399627_7874966182397214720_n.png 480w\" sizes=\"auto, (max-width: 300px) 100vw, 300px\" \/><\/a><a href=\"http:\/\/ojer.pl\/wp-content\/uploads\/2018\/07\/niekl2.png\"><img loading=\"lazy\" decoding=\"async\" class=\"alignnone size-medium wp-image-540\" src=\"http:\/\/ojer.pl\/wp-content\/uploads\/2018\/07\/niekl2-300x225.png\" alt=\"\" width=\"300\" height=\"225\" srcset=\"https:\/\/ojer.pl\/wp-content\/uploads\/2018\/07\/niekl2-300x225.png 300w, https:\/\/ojer.pl\/wp-content\/uploads\/2018\/07\/niekl2-380x285.png 380w, https:\/\/ojer.pl\/wp-content\/uploads\/2018\/07\/niekl2-285x214.png 285w, https:\/\/ojer.pl\/wp-content\/uploads\/2018\/07\/niekl2.png 480w\" sizes=\"auto, (max-width: 300px) 100vw, 300px\" \/><\/a><\/p>\n<p><\/p>\n\n\n<p> <\/p>\n","protected":false},"excerpt":{"rendered":"<p>10\/12\/2021 Choinki zbierane w ramach akcji og\u00f3lnopolskiej trafi\u0105 do kilku szpitali. 13\/12\/2021 Akcja \u015bwi\u0105teczna dla dzieci szpitali w ca\u0142ej Polsce. Odwiedzili\u015bmy kilkana\u015bcie szpitali. Akcja \u015bwi\u0105teczna dla dzieci szpitali w ca\u0142ej Polsce. Akcja \u015bwi\u0105teczna dla dzieci szpitali w ca\u0142ej Polsce. 2019\/2020 dostarczali\u015bmy wod\u0119 do kilku szpitali Covidowych w Warszawie. Do akcji w\u0142\u0105czy\u0142y si\u0119 osoby prywatne oraz<\/p>\n<p class=\"more-link\"><a href=\"https:\/\/ojer.pl\/?page_id=537\" class=\"themebutton\">Read More<\/a><\/p>\n","protected":false},"author":1,"featured_media":0,"parent":0,"menu_order":0,"comment_status":"closed","ping_status":"closed","template":"","meta":{"footnotes":""},"class_list":["post-537","page","type-page","status-publish","hentry"],"_links":{"self":[{"href":"https:\/\/ojer.pl\/index.php?rest_route=\/wp\/v2\/pages\/537","targetHints":{"allow":["GET"]}}],"collection":[{"href":"https:\/\/ojer.pl\/index.php?rest_route=\/wp\/v2\/pages"}],"about":[{"href":"https:\/\/ojer.pl\/index.php?rest_route=\/wp\/v2\/types\/page"}],"author":[{"embeddable":true,"href":"https:\/\/ojer.pl\/index.php?rest_route=\/wp\/v2\/users\/1"}],"replies":[{"embeddable":true,"href":"https:\/\/ojer.pl\/index.php?rest_route=%2Fwp%2Fv2%2Fcomments&post=537"}],"version-history":[{"count":17,"href":"https:\/\/ojer.pl\/index.php?rest_route=\/wp\/v2\/pages\/537\/revisions"}],"predecessor-version":[{"id":1146,"href":"https:\/\/ojer.pl\/index.php?rest_route=\/wp\/v2\/pages\/537\/revisions\/1146"}],"wp:attachment":[{"href":"https:\/\/ojer.pl\/index.php?rest_route=%2Fwp%2Fv2%2Fmedia&parent=537"}],"curies":[{"name":"wp","href":"https:\/\/api.w.org\/{rel}","templated":true}]}}